{"id":288,"date":"2023-10-03T05:04:21","date_gmt":"2023-10-03T05:04:21","guid":{"rendered":"https:\/\/violenciapsicologicagt.com\/?page_id=288"},"modified":"2023-10-03T14:57:00","modified_gmt":"2023-10-03T14:57:00","slug":"proceso-penal","status":"publish","type":"page","link":"https:\/\/violenciapsicologicagt.com\/?page_id=288","title":{"rendered":"Proceso Penal"},"content":{"rendered":"\t\t<div data-elementor-type=\"wp-page\" data-elementor-id=\"288\" class=\"elementor elementor-288\" data-elementor-post-type=\"page\">\n\t\t\t\t\t\t\t<div class=\"elementor-element elementor-element-caa11a0 e-flex e-con-boxed e-con e-parent\" data-id=\"caa11a0\" data-element_type=\"container\" data-settings=\"{&quot;background_background&quot;:&quot;classic&quot;,&quot;content_width&quot;:&quot;boxed&quot;}\" data-core-v316-plus=\"true\">\n\t\t\t\t\t<div class=\"e-con-inner\">\n\t\t<div class=\"elementor-element elementor-element-8d06e9c e-flex e-con-boxed e-con e-child\" data-id=\"8d06e9c\" data-element_type=\"container\" data-settings=\"{&quot;content_width&quot;:&quot;boxed&quot;}\">\n\t\t\t\t\t<div class=\"e-con-inner\">\n\t\t<div class=\"elementor-element elementor-element-55858c2 e-con-full e-flex e-con e-child\" data-id=\"55858c2\" data-element_type=\"container\" data-settings=\"{&quot;content_width&quot;:&quot;full&quot;}\">\n\t\t<div class=\"elementor-element elementor-element-f443aa5 e-flex e-con-boxed e-con e-child\" data-id=\"f443aa5\" data-element_type=\"container\" data-settings=\"{&quot;content_width&quot;:&quot;boxed&quot;}\">\n\t\t\t\t\t<div class=\"e-con-inner\">\n\t\t<div class=\"elementor-element elementor-element-d69754e e-flex e-con-boxed e-con e-child\" data-id=\"d69754e\" data-element_type=\"container\" data-settings=\"{&quot;content_width&quot;:&quot;boxed&quot;}\">\n\t\t\t\t\t<div class=\"e-con-inner\">\n\t\t\t\t<div class=\"elementor-element elementor-element-56c9bee elementor-absolute elementor-hidden-tablet elementor-hidden-mobile elementor-widget elementor-widget-image\" data-id=\"56c9bee\" data-element_type=\"widget\" data-settings=\"{&quot;_position&quot;:&quot;absolute&quot;}\" data-widget_type=\"image.default\">\n\t\t\t\t<div class=\"elementor-widget-container\">\n\t\t\t<style>\/*! elementor - v3.17.0 - 01-11-2023 *\/\n.elementor-widget-image{text-align:center}.elementor-widget-image a{display:inline-block}.elementor-widget-image a img[src$=\".svg\"]{width:48px}.elementor-widget-image img{vertical-align:middle;display:inline-block}<\/style>\t\t\t\t\t\t\t\t\t\t\t\t<img decoding=\"async\" loading=\"lazy\" width=\"175\" height=\"179\" src=\"https:\/\/violenciapsicologicagt.com\/wp-content\/uploads\/2023\/09\/Recurso-2-1002-1.png\" class=\"attachment-large size-large wp-image-35\" alt=\"\" \/>\t\t\t\t\t\t\t\t\t\t\t\t\t\t\t<\/div>\n\t\t\t\t<\/div>\n\t\t\t\t<div class=\"elementor-element elementor-element-59d3e1b elementor-absolute elementor-hidden-tablet elementor-hidden-mobile elementor-widget elementor-widget-image\" data-id=\"59d3e1b\" data-element_type=\"widget\" data-settings=\"{&quot;_position&quot;:&quot;absolute&quot;}\" data-widget_type=\"image.default\">\n\t\t\t\t<div class=\"elementor-widget-container\">\n\t\t\t\t\t\t\t\t\t\t\t\t\t\t\t<img decoding=\"async\" loading=\"lazy\" width=\"438\" height=\"280\" src=\"https:\/\/violenciapsicologicagt.com\/wp-content\/uploads\/2023\/09\/Recurso-5-1003.png\" class=\"attachment-large size-large wp-image-36\" alt=\"\" srcset=\"https:\/\/violenciapsicologicagt.com\/wp-content\/uploads\/2023\/09\/Recurso-5-1003.png 438w, https:\/\/violenciapsicologicagt.com\/wp-content\/uploads\/2023\/09\/Recurso-5-1003-300x192.png 300w\" sizes=\"(max-width: 438px) 100vw, 438px\" \/>\t\t\t\t\t\t\t\t\t\t\t\t\t\t\t<\/div>\n\t\t\t\t<\/div>\n\t\t\t\t<div class=\"elementor-element elementor-element-0711841 elementor-absolute elementor-hidden-tablet elementor-hidden-mobile elementor-widget elementor-widget-image\" data-id=\"0711841\" data-element_type=\"widget\" data-settings=\"{&quot;_position&quot;:&quot;absolute&quot;}\" data-widget_type=\"image.default\">\n\t\t\t\t<div class=\"elementor-widget-container\">\n\t\t\t\t\t\t\t\t\t\t\t\t\t\t\t<img decoding=\"async\" loading=\"lazy\" width=\"89\" height=\"90\" src=\"https:\/\/violenciapsicologicagt.com\/wp-content\/uploads\/2023\/09\/Recurso-6-1003.png\" class=\"attachment-large size-large wp-image-42\" alt=\"\" \/>\t\t\t\t\t\t\t\t\t\t\t\t\t\t\t<\/div>\n\t\t\t\t<\/div>\n\t\t\t\t\t<\/div>\n\t\t\t\t<\/div>\n\t\t\t\t<div class=\"elementor-element elementor-element-3cd54e6 elementor-widget elementor-widget-heading\" data-id=\"3cd54e6\" data-element_type=\"widget\" data-widget_type=\"heading.default\">\n\t\t\t\t<div class=\"elementor-widget-container\">\n\t\t\t<style>\/*! elementor - v3.17.0 - 01-11-2023 *\/\n.elementor-heading-title{padding:0;margin:0;line-height:1}.elementor-widget-heading .elementor-heading-title[class*=elementor-size-]>a{color:inherit;font-size:inherit;line-height:inherit}.elementor-widget-heading .elementor-heading-title.elementor-size-small{font-size:15px}.elementor-widget-heading .elementor-heading-title.elementor-size-medium{font-size:19px}.elementor-widget-heading .elementor-heading-title.elementor-size-large{font-size:29px}.elementor-widget-heading .elementor-heading-title.elementor-size-xl{font-size:39px}.elementor-widget-heading .elementor-heading-title.elementor-size-xxl{font-size:59px}<\/style><h2 class=\"elementor-heading-title elementor-size-default\">LAS V\u00cdCTIMAS<\/h2>\t\t<\/div>\n\t\t\t\t<\/div>\n\t\t\t\t\t<\/div>\n\t\t\t\t<\/div>\n\t\t\t\t<div class=\"elementor-element elementor-element-a4a9bf8 elementor-widget elementor-widget-heading\" data-id=\"a4a9bf8\" data-element_type=\"widget\" data-widget_type=\"heading.default\">\n\t\t\t\t<div class=\"elementor-widget-container\">\n\t\t\t<h2 class=\"elementor-heading-title elementor-size-default\">DESISTEN<\/h2>\t\t<\/div>\n\t\t\t\t<\/div>\n\t\t\t\t<div class=\"elementor-element elementor-element-d12f029 elementor-widget elementor-widget-heading\" data-id=\"d12f029\" data-element_type=\"widget\" data-widget_type=\"heading.default\">\n\t\t\t\t<div class=\"elementor-widget-container\">\n\t\t\t<h2 class=\"elementor-heading-title elementor-size-default\">desisten del proceso legal<br> por desgastante emocional\n<\/h2>\t\t<\/div>\n\t\t\t\t<\/div>\n\t\t\t\t<\/div>\n\t\t\t\t\t<\/div>\n\t\t\t\t<\/div>\n\t\t\t\t\t<\/div>\n\t\t\t\t<\/div>\n\t\t<div class=\"elementor-element elementor-element-55c4343 e-flex e-con-boxed e-con e-parent\" data-id=\"55c4343\" data-element_type=\"container\" data-settings=\"{&quot;background_background&quot;:&quot;classic&quot;,&quot;content_width&quot;:&quot;boxed&quot;}\" data-core-v316-plus=\"true\">\n\t\t\t\t\t<div class=\"e-con-inner\">\n\t\t\t\t<div class=\"elementor-element elementor-element-90b7b7e elementor-widget elementor-widget-text-editor\" data-id=\"90b7b7e\" data-element_type=\"widget\" data-widget_type=\"text-editor.default\">\n\t\t\t\t<div class=\"elementor-widget-container\">\n\t\t\t<style>\/*! elementor - v3.17.0 - 01-11-2023 *\/\n.elementor-widget-text-editor.elementor-drop-cap-view-stacked .elementor-drop-cap{background-color:#69727d;color:#fff}.elementor-widget-text-editor.elementor-drop-cap-view-framed .elementor-drop-cap{color:#69727d;border:3px solid;background-color:transparent}.elementor-widget-text-editor:not(.elementor-drop-cap-view-default) .elementor-drop-cap{margin-top:8px}.elementor-widget-text-editor:not(.elementor-drop-cap-view-default) .elementor-drop-cap-letter{width:1em;height:1em}.elementor-widget-text-editor .elementor-drop-cap{float:left;text-align:center;line-height:1;font-size:50px}.elementor-widget-text-editor .elementor-drop-cap-letter{display:inline-block}<\/style>\t\t\t\t<p><span style=\"font-weight: 400;\">Para que una mujer que ha sido v\u00edctima de violencia psicol\u00f3gica pueda obtener justicia, debe enfrentarse a un proceso penal con muchos obst\u00e1culos en el camino. Uno de los principales problemas que enfrenta el abuso psicol\u00f3gico es que los hechos est\u00e1n abiertos a interpretaci\u00f3n y dependen del contexto en el que tuvieron lugar.<\/span><\/p><p><span style=\"font-weight: 400;\">Por ello, la v\u00edctima debe someterse a un proceso en el que debe declarar acerca del abuso m\u00faltiples veces y con distintas personas, lo que puede agravar el da\u00f1o emocional y psicol\u00f3gico que ya ha sufrido. De acuerdo con De Le\u00f3n, \u201cla intervenci\u00f3n de los operadores de justicia (una y otra vez) es revictimizante en cada etapa del proceso\u201d.<\/span><\/p>\t\t\t\t\t\t<\/div>\n\t\t\t\t<\/div>\n\t\t\t\t\t<\/div>\n\t\t\t\t<\/div>\n\t\t<div class=\"elementor-element elementor-element-16e8fb6 e-flex e-con-boxed e-con e-parent\" data-id=\"16e8fb6\" data-element_type=\"container\" data-settings=\"{&quot;background_background&quot;:&quot;classic&quot;,&quot;content_width&quot;:&quot;boxed&quot;}\" data-core-v316-plus=\"true\">\n\t\t\t\t\t<div class=\"e-con-inner\">\n\t\t<div class=\"elementor-element elementor-element-dbab6a2 e-flex e-con-boxed e-con e-child\" data-id=\"dbab6a2\" data-element_type=\"container\" data-settings=\"{&quot;content_width&quot;:&quot;boxed&quot;}\">\n\t\t\t\t\t<div class=\"e-con-inner\">\n\t\t\t\t<div class=\"elementor-element elementor-element-48ab010 elementor-widget__width-initial elementor-widget elementor-widget-text-editor\" data-id=\"48ab010\" data-element_type=\"widget\" data-widget_type=\"text-editor.default\">\n\t\t\t\t<div class=\"elementor-widget-container\">\n\t\t\t\t\t\t\t<p><span style=\"font-weight: 400;\">Desde la perspectiva judicial, la abogada Jessica L\u00f3pez afirma que se necesita un sistema de justicia en el que no sea necesario que la mujer se revictimice mientras se presenta a las audiencias al lado a la persona que la violent\u00f3. La<\/span><a href=\"https:\/\/www.corteidh.or.cr\/\"> <span style=\"font-weight: 400;\">Corte Interamericana de Derechos Humanos<\/span><\/a><span style=\"font-weight: 400;\"> define que la<\/span><a href=\"https:\/\/www.corteidh.or.cr\/tablas\/r25535.pdf\"> <span style=\"font-weight: 400;\">victimizaci\u00f3n secundaria<\/span><\/a><span style=\"font-weight: 400;\"> sucede \u201ccuando el da\u00f1o sufrido por la v\u00edctima es incrementado como consecuencia de su contacto con el sistema de justicia\u201d.<\/span><\/p><p><span style=\"font-weight: 400;\">Este es uno de los factores por los cu\u00e1les es muy dif\u00edcil que se logre una sentencia, ya que, en muchas ocasiones, las mujeres desisten del proceso con el fin de no tener que revivir el trauma. Irma L\u00f3pez de Fundaci\u00f3n Sobrevivientes indica que \u201cen el caso penal las mujeres desisten mucho porque es bastante desgastante; los procesos legales son muy tediosos y las v\u00edctimas empiezan a no creer ni en la justicia ni en las autoridades\u201d.<\/span><\/p>\t\t\t\t\t\t<\/div>\n\t\t\t\t<\/div>\n\t\t\t\t\t<\/div>\n\t\t\t\t<\/div>\n\t\t\t\t\t<\/div>\n\t\t\t\t<\/div>\n\t\t<div class=\"elementor-element elementor-element-e0f2316 e-flex e-con-boxed e-con e-parent\" data-id=\"e0f2316\" data-element_type=\"container\" data-settings=\"{&quot;background_background&quot;:&quot;classic&quot;,&quot;content_width&quot;:&quot;boxed&quot;}\" data-core-v316-plus=\"true\">\n\t\t\t\t\t<div class=\"e-con-inner\">\n\t\t<div class=\"elementor-element elementor-element-e9efe3a e-flex e-con-boxed e-con e-child\" data-id=\"e9efe3a\" data-element_type=\"container\" data-settings=\"{&quot;content_width&quot;:&quot;boxed&quot;}\">\n\t\t\t\t\t<div class=\"e-con-inner\">\n\t\t\t\t<div class=\"elementor-element elementor-element-9981882 elementor-widget elementor-widget-image\" data-id=\"9981882\" data-element_type=\"widget\" data-widget_type=\"image.default\">\n\t\t\t\t<div class=\"elementor-widget-container\">\n\t\t\t\t\t\t\t\t\t\t\t\t\t\t\t<img decoding=\"async\" loading=\"lazy\" width=\"109\" height=\"110\" src=\"https:\/\/violenciapsicologicagt.com\/wp-content\/uploads\/2023\/10\/Recurso-1mesias.png\" class=\"attachment-large size-large wp-image-256\" alt=\"\" \/>\t\t\t\t\t\t\t\t\t\t\t\t\t\t\t<\/div>\n\t\t\t\t<\/div>\n\t\t\t\t<div class=\"elementor-element elementor-element-6230902 elementor-widget__width-initial elementor-widget elementor-widget-text-editor\" data-id=\"6230902\" data-element_type=\"widget\" data-widget_type=\"text-editor.default\">\n\t\t\t\t<div class=\"elementor-widget-container\">\n\t\t\t\t\t\t\t<p><i><span style=\"font-weight: 400;\"><strong>\u201cTenemos un sistema al que le falta mucho enfoque de g\u00e9nero, pues falta mucha sensibilizaci\u00f3n hacia las v\u00edctimas. Por ejemplo, tuvimos un caso de una se\u00f1ora ind\u00edgena que sufr\u00eda violencia psicol\u00f3gica y la reparaci\u00f3n que ella buscaba era que su agresor le devolviera su indumentaria; mientras que el juez le solicit\u00f3 que le presentara todas las facturas que comprobaran que ella hab\u00eda adquirido por su cuenta la vestimenta. Claramente este testimonio demuestra que no tienen enfoque de g\u00e9nero ni de interculturalidad. Hay muchos cuellos de botellas para que las mujeres obtengan justicia.\u201d<\/strong> -Irma L\u00f3pez, Fundaci\u00f3n Sobrevivientes.<\/span><\/i><\/p>\t\t\t\t\t\t<\/div>\n\t\t\t\t<\/div>\n\t\t\t\t<div class=\"elementor-element elementor-element-dd510e4 elementor-widget elementor-widget-image\" data-id=\"dd510e4\" data-element_type=\"widget\" data-widget_type=\"image.default\">\n\t\t\t\t<div class=\"elementor-widget-container\">\n\t\t\t\t\t\t\t\t\t\t\t\t\t\t\t<img decoding=\"async\" loading=\"lazy\" width=\"109\" height=\"110\" src=\"https:\/\/violenciapsicologicagt.com\/wp-content\/uploads\/2023\/10\/Recurso-2vp.png\" class=\"attachment-large size-large wp-image-257\" alt=\"\" \/>\t\t\t\t\t\t\t\t\t\t\t\t\t\t\t<\/div>\n\t\t\t\t<\/div>\n\t\t\t\t\t<\/div>\n\t\t\t\t<\/div>\n\t\t\t\t\t<\/div>\n\t\t\t\t<\/div>\n\t\t<div class=\"elementor-element elementor-element-0315cb6 e-flex e-con-boxed e-con e-parent\" data-id=\"0315cb6\" data-element_type=\"container\" data-settings=\"{&quot;background_background&quot;:&quot;classic&quot;,&quot;content_width&quot;:&quot;boxed&quot;}\" data-core-v316-plus=\"true\">\n\t\t\t\t\t<div class=\"e-con-inner\">\n\t\t\t\t<div class=\"elementor-element elementor-element-f2b726d elementor-widget elementor-widget-heading\" data-id=\"f2b726d\" data-element_type=\"widget\" data-widget_type=\"heading.default\">\n\t\t\t\t<div class=\"elementor-widget-container\">\n\t\t\t<h2 class=\"elementor-heading-title elementor-size-default\">|<\/h2>\t\t<\/div>\n\t\t\t\t<\/div>\n\t\t<div class=\"elementor-element elementor-element-44ec4b6 e-flex e-con-boxed e-con e-child\" data-id=\"44ec4b6\" data-element_type=\"container\" data-settings=\"{&quot;background_background&quot;:&quot;classic&quot;,&quot;content_width&quot;:&quot;boxed&quot;}\">\n\t\t\t\t\t<div class=\"e-con-inner\">\n\t\t\t\t<div class=\"elementor-element elementor-element-5167ebc elementor-view-default elementor-widget elementor-widget-icon\" data-id=\"5167ebc\" data-element_type=\"widget\" data-widget_type=\"icon.default\">\n\t\t\t\t<div class=\"elementor-widget-container\">\n\t\t\t\t\t<div class=\"elementor-icon-wrapper\">\n\t\t\t<div class=\"elementor-icon elementor-animation-pulse-grow\">\n\t\t\t<i aria-hidden=\"true\" class=\"fas fa-chevron-down\"><\/i>\t\t\t<\/div>\n\t\t<\/div>\n\t\t\t\t<\/div>\n\t\t\t\t<\/div>\n\t\t<div class=\"elementor-element elementor-element-d259ab8 e-flex e-con-boxed e-con e-child\" data-id=\"d259ab8\" data-element_type=\"container\" data-settings=\"{&quot;content_width&quot;:&quot;boxed&quot;}\">\n\t\t\t\t\t<div class=\"e-con-inner\">\n\t\t<div class=\"elementor-element elementor-element-9a3b323 e-flex e-con-boxed e-con e-child\" data-id=\"9a3b323\" data-element_type=\"container\" data-settings=\"{&quot;content_width&quot;:&quot;boxed&quot;}\">\n\t\t\t\t\t<div class=\"e-con-inner\">\n\t\t\t\t<div class=\"elementor-element elementor-element-e3bcc35 elementor-align-center elementor-widget elementor-widget-button\" data-id=\"e3bcc35\" data-element_type=\"widget\" data-widget_type=\"button.default\">\n\t\t\t\t<div class=\"elementor-widget-container\">\n\t\t\t\t\t<div class=\"elementor-button-wrapper\">\n\t\t\t<a class=\"elementor-button elementor-button-link elementor-size-sm\" href=\"https:\/\/violenciapsicologicagt.com\/testimonio\/\">\n\t\t\t\t\t\t<span class=\"elementor-button-content-wrapper\">\n\t\t\t\t\t\t<span class=\"elementor-button-text\">TESTIMONIO<\/span>\n\t\t<\/span>\n\t\t\t\t\t<\/a>\n\t\t<\/div>\n\t\t\t\t<\/div>\n\t\t\t\t<\/div>\n\t\t\t\t\t<\/div>\n\t\t\t\t<\/div>\n\t\t\t\t\t<\/div>\n\t\t\t\t<\/div>\n\t\t\t\t\t<\/div>\n\t\t\t\t<\/div>\n\t\t\t\t\t<\/div>\n\t\t\t\t<\/div>\n\t\t\t\t\t\t\t<\/div>\n\t\t","protected":false},"excerpt":{"rendered":"<p>LAS V\u00cdCTIMAS DESISTEN desisten del proceso legal por desgastante emocional Para que una mujer que ha sido v\u00edctima de violencia psicol\u00f3gica pueda obtener justicia, debe enfrentarse a un proceso penal con muchos obst\u00e1culos en el camino. Uno de los principales problemas que enfrenta el abuso psicol\u00f3gico es que los hechos est\u00e1n abiertos a interpretaci\u00f3n y [&hellip;]<\/p>\n","protected":false},"author":2,"featured_media":0,"parent":0,"menu_order":0,"comment_status":"closed","ping_status":"closed","template":"elementor_header_footer","meta":{"footnotes":""},"_links":{"self":[{"href":"https:\/\/violenciapsicologicagt.com\/index.php?rest_route=\/wp\/v2\/pages\/288"}],"collection":[{"href":"https:\/\/violenciapsicologicagt.com\/index.php?rest_route=\/wp\/v2\/pages"}],"about":[{"href":"https:\/\/violenciapsicologicagt.com\/index.php?rest_route=\/wp\/v2\/types\/page"}],"author":[{"embeddable":true,"href":"https:\/\/violenciapsicologicagt.com\/index.php?rest_route=\/wp\/v2\/users\/2"}],"replies":[{"embeddable":true,"href":"https:\/\/violenciapsicologicagt.com\/index.php?rest_route=%2Fwp%2Fv2%2Fcomments&post=288"}],"version-history":[{"count":0,"href":"https:\/\/violenciapsicologicagt.com\/index.php?rest_route=\/wp\/v2\/pages\/288\/revisions"}],"wp:attachment":[{"href":"https:\/\/violenciapsicologicagt.com\/index.php?rest_route=%2Fwp%2Fv2%2Fmedia&parent=288"}],"curies":[{"name":"wp","href":"https:\/\/api.w.org\/{rel}","templated":true}]}}